{"id":3527,"date":"2025-04-08T13:38:11","date_gmt":"2025-04-08T10:38:11","guid":{"rendered":"https:\/\/rcsplus.org\/tr\/?post_type=event_listing&#038;p=3527"},"modified":"2025-07-16T21:21:48","modified_gmt":"2025-07-16T18:21:48","slug":"ileri-dogada-liderlik-egitimi-ve-seruven-programi","status":"publish","type":"event_listing","link":"https:\/\/rcsplus.org\/tr\/event\/ileri-dogada-liderlik-egitimi-ve-seruven-programi\/","title":{"rendered":"\u0130leri Do\u011fada Liderlik E\u011fitimi ve Ser\u00fcven Program\u0131"},"content":{"rendered":"\n<p><strong>RC Academy Do\u011fada Liderlik E\u011fitimi ve Ser\u00fcven Program\u0131&#8217;n\u0131n Next Level Challenge&#8217;\u0131n\u0131 duyurmaktan gurur duyuyoruz.<\/strong><\/p>\n\n\n\n<p>Bu program, kat\u0131l\u0131mc\u0131lar\u0131n temel do\u011fa, liderlik ve tak\u0131m \u00e7al\u0131\u015fmas\u0131 becerilerini RC Kamp\u00fcs\u00fc&#8217;ndeki 3 g\u00fcnl\u00fck bir Bootcamp\u2019in ard\u0131ndan 2 g\u00fcnl\u00fck bir Arazi Gezisiyle uygulamaya koyacaklar\u0131, tam g\u00fcnl\u00fck \/ 1 haftal\u0131k bir programd\u0131r.<\/p>\n\n\n\n<p><strong>RC Kamp\u00fcs Bootcamp\u2019i<\/strong>, \u00e7evik bir &#8220;Kabile Olu\u015fturma&#8221; a\u015famas\u0131 olarak tasarlanm\u0131\u015ft\u0131r. Bu a\u015famada kat\u0131l\u0131mc\u0131lar do\u011fada ke\u015fif becerilerini tazeleme, \u00f6\u011frenme ve test etme \u015fans\u0131 yakalarken ayn\u0131 zamanda kendi RC Kabile k\u00fclt\u00fcrlerini in\u015fa etme f\u0131rsat\u0131 bulacaklard\u0131r.<\/p>\n\n\n\n<p><strong>Bootcamp yani Kabile A\u015famas\u0131<\/strong>, Pazartesi \u2013 \u00c7ar\u015famba g\u00fcnleri 08:00 \u2013 16:00 saatleri aras\u0131nda RC Kamp\u00fcs&#8217;te ger\u00e7ekle\u015ftirilecektir. Bu a\u015famada i\u015flenecek konular aras\u0131nda Ke\u015fif Liderli\u011fi, Ana Kamp Y\u00f6netimi, Y\u00f6n Bulma &amp; Oryantiring, Ke\u015fif &amp; Kamp Mutfa\u011f\u0131, \u0130leri D\u00fczey Ate\u015f Yakma Teknikleri, \u0130lkyard\u0131m ve Ke\u015fif &amp; Kamp Malzemeleri yer almaktad\u0131r. Bu konular, bir\u00e7ok \u201coyunsalla\u015ft\u0131r\u0131lm\u0131\u015f\u201d at\u00f6lye \u00e7al\u0131\u015fmas\u0131 ve senaryo ile Deneyimsel \u00d6\u011frenme metodolojisi temelinde ele al\u0131nacakt\u0131r.<\/p>\n\n\n\n<p><strong>Ke\u015fif A\u015famas\u0131<\/strong>, art arda yap\u0131lacak 2 kamp gecesini i\u00e7eren, 2.5 g\u00fcnl\u00fck bir deneyimdir. Kat\u0131l\u0131mc\u0131lar bu a\u015famada RC Bootcamp \/ Kabile a\u015famas\u0131nda \u00f6\u011frendiklerini sahada uygulama \u015fans\u0131 bulacaklard\u0131r. Buna ek olarak, bu a\u015fama kat\u0131l\u0131mc\u0131lara hem birey olarak hem de bir kabile \u00fcyesi olarak kendilerini daha yak\u0131ndan tan\u0131ma f\u0131rsat\u0131 sunacak; \u00f6z fark\u0131ndal\u0131k, problem \u00e7\u00f6zme, ba\u015far\u0131 &amp; ba\u015far\u0131s\u0131zl\u0131kla ba\u015fa \u00e7\u0131kma, dayan\u0131kl\u0131l\u0131k ve yetkinlik gibi kavramlara odaklanacakt\u0131r. Kullan\u0131lacak kamp alan\u0131 Hac\u0131ll\u0131, A\u011fva&#8217;dad\u0131r.<\/p>\n\n\n\n<p><strong>Kimler Kat\u0131labilir?<\/strong><br>RC Academy \/ Outdoor Leadership &amp; Adventure program\u0131na daha \u00f6nce kat\u0131lm\u0131\u015f olan kat\u0131l\u0131mc\u0131lar ve kamp\u00e7\u0131l\u0131k, do\u011fa y\u00fcr\u00fcy\u00fc\u015f\u00fc, t\u0131rman\u0131\u015f veya d\u00fczenli spor e\u011fitimi konusunda deneyimi olan do\u011fa tutkunlar\u0131 ba\u015fvurabilir.<\/p>\n\n\n\n<p>Bu program i\u00e7in yaln\u0131zca bir oturum d\u00fczenlenecek olup, <strong>28 Temmuz \u2013 2 A\u011fustos<\/strong> tarihleri aras\u0131nda ger\u00e7ekle\u015fecektir ve e\u011fitim dili \u0130ngilizce olacakt\u0131r.<\/p>\n\n\n\n<p>Bu program, RC Academy\u2019deki Outdoor Leadership &amp; Adventure Seviye 1 e\u011fitiminden de sorumlu olan, EWES (European Wilderness Education School) sertifikal\u0131 uzman e\u011fitmenimiz taraf\u0131ndan tasarlanm\u0131\u015f ve y\u00fcr\u00fct\u00fclmekte olup, <strong>Robert College<\/strong> ve uzun s\u00fcredir i\u015f birli\u011fi yapt\u0131\u011f\u0131m\u0131z d\u0131\u015f mek\u00e2n e\u011fitim orta\u011f\u0131m\u0131z <strong>Y\u00f6ne-Team<\/strong> taraf\u0131ndan desteklenmektedir.<\/p>\n\n\n\n<p class=\"has-text-align-center has-small-font-size\" style=\"line-height:1.2\"><strong>Program \u00dccreti<\/strong><\/p>\n\n\n\n<p class=\"has-text-align-center has-small-font-size\" style=\"line-height:1\">50,000-\u20ba<\/p>\n\n\n\n<p class=\"has-text-align-center has-small-font-size\" style=\"line-height:1.2\"><strong>Mezun \/ Karde\u015f indirimi<\/strong><\/p>\n\n\n\n<p class=\"has-text-align-center has-small-font-size\" style=\"line-height:1\">47,500-\u20ba*<br><br>* Alumni or Sibling discount applies to all registered siblings.<\/p>\n","protected":false},"featured_media":0,"template":"","meta":{"inline_featured_image":false},"event_listing_category":[97,91],"event_listing_type":[],"class_list":["post-3527","event_listing","type-event_listing","status-publish","hentry","event_listing_category-rcsa-all-day","event_listing_category-rcsa-f2f"],"_links":{"self":[{"href":"https:\/\/rcsplus.org\/tr\/wp-json\/wp\/v2\/event_listing\/3527","targetHints":{"allow":["GET"]}}],"collection":[{"href":"https:\/\/rcsplus.org\/tr\/wp-json\/wp\/v2\/event_listing"}],"about":[{"href":"https:\/\/rcsplus.org\/tr\/wp-json\/wp\/v2\/types\/event_listing"}],"wp:attachment":[{"href":"https:\/\/rcsplus.org\/tr\/wp-json\/wp\/v2\/media?parent=3527"}],"wp:term":[{"taxonomy":"event_listing_category","embeddable":true,"href":"https:\/\/rcsplus.org\/tr\/wp-json\/wp\/v2\/event_listing_category?post=3527"},{"taxonomy":"event_listing_type","embeddable":true,"href":"https:\/\/rcsplus.org\/tr\/wp-json\/wp\/v2\/event_listing_type?post=3527"}],"curies":[{"name":"wp","href":"https:\/\/api.w.org\/{rel}","templated":true}]}}

İleri Doğada Liderlik Eğitimi ve Serüven Programı

<p><strong>RC Academy Doğada Liderlik Eğitimi ve Serüven Programı&#8217;nın Next Level Challenge&#8217;ını duyurmaktan gurur duyuyoruz.</strong></p>



<p>Bu program, katılımcıların temel doğa, liderlik ve takım çalışması becerilerini RC Kampüsü&#8217;ndeki 3 günlük bir Bootcamp’in ardından 2 günlük bir Arazi Gezisiyle uygulamaya koyacakları, tam günlük / 1 haftalık bir programdır.</p>



<p><strong>RC Kampüs Bootcamp’i</strong>, çevik bir &#8220;Kabile Oluşturma&#8221; aşaması olarak tasarlanmıştır. Bu aşamada katılımcılar doğada keşif becerilerini tazeleme, öğrenme ve test etme şansı yakalarken aynı zamanda kendi RC Kabile kültürlerini inşa etme fırsatı bulacaklardır.</p>



<p><strong>Bootcamp yani Kabile Aşaması</strong>, Pazartesi – Çarşamba günleri 08:00 – 16:00 saatleri arasında RC Kampüs&#8217;te gerçekleştirilecektir. Bu aşamada işlenecek konular arasında Keşif Liderliği, Ana Kamp Yönetimi, Yön Bulma &amp; Oryantiring, Keşif &amp; Kamp Mutfağı, İleri Düzey Ateş Yakma Teknikleri, İlkyardım ve Keşif &amp; Kamp Malzemeleri yer almaktadır. Bu konular, birçok “oyunsallaştırılmış” atölye çalışması ve senaryo ile Deneyimsel Öğrenme metodolojisi temelinde ele alınacaktır.</p>



<p><strong>Keşif Aşaması</strong>, art arda yapılacak 2 kamp gecesini içeren, 2.5 günlük bir deneyimdir. Katılımcılar bu aşamada RC Bootcamp / Kabile aşamasında öğrendiklerini sahada uygulama şansı bulacaklardır. Buna ek olarak, bu aşama katılımcılara hem birey olarak hem de bir kabile üyesi olarak kendilerini daha yakından tanıma fırsatı sunacak; öz farkındalık, problem çözme, başarı &amp; başarısızlıkla başa çıkma, dayanıklılık ve yetkinlik gibi kavramlara odaklanacaktır. Kullanılacak kamp alanı Hacıllı, Ağva&#8217;dadır.</p>



<p><strong>Kimler Katılabilir?</strong><br>RC Academy / Outdoor Leadership &amp; Adventure programına daha önce katılmış olan katılımcılar ve kampçılık, doğa yürüyüşü, tırmanış veya düzenli spor eğitimi konusunda deneyimi olan doğa tutkunları başvurabilir.</p>



<p>Bu program için yalnızca bir oturum düzenlenecek olup, <strong>28 Temmuz – 2 Ağustos</strong> tarihleri arasında gerçekleşecektir ve eğitim dili İngilizce olacaktır.</p>



<p>Bu program, RC Academy’deki Outdoor Leadership &amp; Adventure Seviye 1 eğitiminden de sorumlu olan, EWES (European Wilderness Education School) sertifikalı uzman eğitmenimiz tarafından tasarlanmış ve yürütülmekte olup, <strong>Robert College</strong> ve uzun süredir iş birliği yaptığımız dış mekân eğitim ortağımız <strong>Yöne-Team</strong> tarafından desteklenmektedir.</p>



<p class="has-text-align-center has-small-font-size" style="line-height:1.2"><strong>Program Ücreti</strong></p>



<p class="has-text-align-center has-small-font-size" style="line-height:1">50,000-₺</p>



<p class="has-text-align-center has-small-font-size" style="line-height:1.2"><strong>Mezun / Kardeş indirimi</strong></p>



<p class="has-text-align-center has-small-font-size" style="line-height:1">47,500-₺*<br><br>* Alumni or Sibling discount applies to all registered siblings.</p>
